{"id":35,"date":"2013-11-20T17:08:59","date_gmt":"2013-11-20T17:08:59","guid":{"rendered":"http:\/\/www.poloclub-berlin-brandenburg.de\/?page_id=35"},"modified":"2015-03-10T16:24:45","modified_gmt":"2015-03-10T16:24:45","slug":"mitglieder","status":"publish","type":"page","link":"http:\/\/www.poloclub-berlin-brandenburg.de\/?page_id=35","title":{"rendered":"MITGLIEDER"},"content":{"rendered":"<table style=\"width: 835px;\" border=\"0\">\n<tbody>\n<tr>\n<td valign=\"top\">\n<h2>UNSERE MITGLIEDER<\/h2>\n<p>Anzahl der Mitglieder: 15<br \/>\nDavon aktiv: 13<br \/>\nDavon passiv: 2<br \/>\nEhrenmitglieder: 4<\/td>\n<td valign=\"top\">\n<h2>EHRENMITGLIEDER<\/h2>\n<ul>\n<li>Enrique J.A. Candioti,<br \/>\nBotschafter a.D. Republik Argentinien<\/li>\n<li>Magdalena von Beckh,<br \/>\nGesandte der Republik Argentinien<\/li>\n<li>Guillermo Nielsen, Botschafter<br \/>\na.D. Republik Argentinien<\/li>\n<li>Peter Hofmeister<\/li>\n<\/ul>\n<p>&nbsp;<\/td>\n<td valign=\"top\">\n<h2>GASTSPIELER<\/h2>\n<ul>\n<li>Pitino Fenosa<\/li>\n<li>Sarah F\u00f6rster<\/li>\n<\/ul>\n<p>&nbsp;<\/td>\n<\/tr>\n<tr>\n<td valign=\"middle\">\n<p><div id=\"attachment_192\" style=\"width: 210px\" class=\"wp-caption aligncenter\"><img aria-describedby=\"caption-attachment-192\" loading=\"lazy\" class=\"wp-image-192\" src=\"http:\/\/www.poloclub-berlin-brandenburg.de\/wp-content\/uploads\/2013\/11\/eduardoAnca-220x300.jpg\" alt=\"Eduardo Anca\" width=\"200\" height=\"272\" srcset=\"http:\/\/www.poloclub-berlin-brandenburg.de\/wp-content\/uploads\/2013\/11\/eduardoAnca-220x300.jpg 220w, http:\/\/www.poloclub-berlin-brandenburg.de\/wp-content\/uploads\/2013\/11\/eduardoAnca.jpg 260w\" sizes=\"(max-width: 200px) 100vw, 200px\" \/><p id=\"caption-attachment-192\" class=\"wp-caption-text\">Eduardo Anca<br \/> HCP 6<br \/> aktives Mitglied, DPV Mitglied<\/p><\/div><\/td>\n<td valign=\"middle\">\n<p><div id=\"attachment_191\" style=\"width: 210px\" class=\"wp-caption aligncenter\"><img aria-describedby=\"caption-attachment-191\" loading=\"lazy\" class=\"wp-image-191\" src=\"http:\/\/www.poloclub-berlin-brandenburg.de\/wp-content\/uploads\/2013\/11\/maximilianSinghoff-221x300.jpg\" alt=\"Maximilian Singhoff\" width=\"200\" height=\"271\" srcset=\"http:\/\/www.poloclub-berlin-brandenburg.de\/wp-content\/uploads\/2013\/11\/maximilianSinghoff-221x300.jpg 221w, http:\/\/www.poloclub-berlin-brandenburg.de\/wp-content\/uploads\/2013\/11\/maximilianSinghoff.jpg 261w\" sizes=\"(max-width: 200px) 100vw, 200px\" \/><p id=\"caption-attachment-191\" class=\"wp-caption-text\">Maximilian Singhoff<br \/> HCP 0<br \/> aktives Mitglied, DPV Mitglied<\/p><\/div><\/td>\n<td style=\"text-align: center;\" valign=\"top\">\n<p><div id=\"attachment_37\" style=\"width: 210px\" class=\"wp-caption aligncenter\"><img aria-describedby=\"caption-attachment-37\" loading=\"lazy\" class=\"size-full wp-image-37\" src=\"http:\/\/www.poloclub-berlin-brandenburg.de\/wp-content\/uploads\/2013\/11\/christopher_degano.jpg\" alt=\"christopher_degano\" width=\"200\" height=\"220\" \/><p id=\"caption-attachment-37\" class=\"wp-caption-text\">Christopher Degano<br \/>HCP 2<br \/>aktives Mitglied<\/p><\/div><\/td>\n<\/tr>\n<tr>\n<td valign=\"top\">\n<p><div id=\"attachment_42\" style=\"width: 210px\" class=\"wp-caption aligncenter\"><img aria-describedby=\"caption-attachment-42\" loading=\"lazy\" class=\"size-full wp-image-42\" src=\"http:\/\/www.poloclub-berlin-brandenburg.de\/wp-content\/uploads\/2013\/11\/felix_gaedeke.jpg\" alt=\"Felix G\u00e4deke HCP 2 passives Mitglied, DPV Mitglied\" width=\"200\" height=\"220\" \/><p id=\"caption-attachment-42\" class=\"wp-caption-text\">Felix G\u00e4deke<br \/>HCP 2<br \/>passives Mitglied<\/p><\/div><\/td>\n<td valign=\"top\">\n<p><div id=\"attachment_43\" style=\"width: 210px\" class=\"wp-caption aligncenter\"><img aria-describedby=\"caption-attachment-43\" loading=\"lazy\" class=\"size-full wp-image-43\" src=\"http:\/\/www.poloclub-berlin-brandenburg.de\/wp-content\/uploads\/2013\/11\/lucas_gaedeke.jpg\" alt=\"Lucas G\u00e4deke HCP 0 aktives Mitglied\" width=\"200\" height=\"220\" \/><p id=\"caption-attachment-43\" class=\"wp-caption-text\">Lucas G\u00e4deke<br \/>HCP 0<br \/>aktives Mitglied, DPV Mitglied<\/p><\/div><\/td>\n<td valign=\"top\">\n<p><div id=\"attachment_44\" style=\"width: 210px\" class=\"wp-caption aligncenter\"><img aria-describedby=\"caption-attachment-44\" loading=\"lazy\" class=\"size-full wp-image-44\" src=\"http:\/\/www.poloclub-berlin-brandenburg.de\/wp-content\/uploads\/2013\/11\/moritz_gaedeke.jpg\" alt=\"moritz_gaedeke\" width=\"200\" height=\"220\" \/><p id=\"caption-attachment-44\" class=\"wp-caption-text\">Moritz G\u00e4deke<br \/>HCP 3<br \/>aktives Mitglied, DPV Mitglied, Nationalspieler<\/p><\/div><\/td>\n<\/tr>\n<tr>\n<td valign=\"top\">\n<p><div id=\"attachment_47\" style=\"width: 210px\" class=\"wp-caption aligncenter\"><img aria-describedby=\"caption-attachment-47\" loading=\"lazy\" class=\"size-full wp-image-47\" src=\"http:\/\/www.poloclub-berlin-brandenburg.de\/wp-content\/uploads\/2013\/11\/sylvia_gaedeke2.jpg\" alt=\"sylvia_gaedeke2\" width=\"200\" height=\"220\" \/><p id=\"caption-attachment-47\" class=\"wp-caption-text\">Sylvia G\u00e4deke,<br \/>Pr\u00e4sidentin des PPCCBB e.V.<br \/>(mit Ehemann Dirk und der s\u00fc\u00dfen Enkelin Lia &#8211; auch schon vom Polovirus infiziert!)<br \/>HCP 0<br \/>aktives Mitglied, DPV Mitglied<\/p><\/div><\/td>\n<td valign=\"top\">\n<p><div id=\"attachment_48\" style=\"width: 210px\" class=\"wp-caption aligncenter\"><img aria-describedby=\"caption-attachment-48\" loading=\"lazy\" class=\"size-full wp-image-48\" src=\"http:\/\/www.poloclub-berlin-brandenburg.de\/wp-content\/uploads\/2013\/11\/dirk_gaedeke2.jpg\" alt=\"Dirk G\u00e4deke (hier mit Ehefrau Sylvia und Hans Albrecht von Maltzahn, DPV Pr\u00e4sident a.D. und DPV Ehrenpr\u00e4sident) passives Mitglied\" width=\"200\" height=\"220\" \/><p id=\"caption-attachment-48\" class=\"wp-caption-text\">Dirk G\u00e4deke<br \/>(hier mit Ehefrau Sylvia und Hans Albrecht von Maltzahn, DPV Pr\u00e4sident a.D. und DPV Ehrenpr\u00e4sident)<br \/>passives Mitglied<\/p><\/div><\/td>\n<td valign=\"top\">\n<p><div id=\"attachment_49\" style=\"width: 210px\" class=\"wp-caption aligncenter\"><img aria-describedby=\"caption-attachment-49\" loading=\"lazy\" class=\"size-full wp-image-49\" src=\"http:\/\/www.poloclub-berlin-brandenburg.de\/wp-content\/uploads\/2013\/11\/tito_gaudenzi.jpg\" alt=\"Reto Mario jun. Gaudenzi HCP 1 aktives Mitglied\" width=\"200\" height=\"220\" \/><p id=\"caption-attachment-49\" class=\"wp-caption-text\">Reto Mario jun. Gaudenzi<br \/>HCP 1<br \/>aktives Mitglied<\/p><\/div><\/td>\n<\/tr>\n<tr>\n<td valign=\"top\">\n<p><div id=\"attachment_51\" style=\"width: 210px\" class=\"wp-caption aligncenter\"><img aria-describedby=\"caption-attachment-51\" loading=\"lazy\" class=\"size-full wp-image-51\" src=\"http:\/\/www.poloclub-berlin-brandenburg.de\/wp-content\/uploads\/2013\/11\/Claudia-Adler.jpg\" alt=\"Adler Claudia, Schatzmeisterin HCP -2 aktives Mitglied, DPV Mitglied\" width=\"200\" height=\"220\" \/><p id=\"caption-attachment-51\" class=\"wp-caption-text\">Adler Claudia, Schatzmeisterin<br \/>HCP -2<br \/>aktives Mitglied, DPV Mitglied<\/p><\/div><\/td>\n<td valign=\"top\">\n<p><div id=\"attachment_169\" style=\"width: 210px\" class=\"wp-caption aligncenter\"><img aria-describedby=\"caption-attachment-169\" loading=\"lazy\" class=\"wp-image-169\" src=\"http:\/\/www.poloclub-berlin-brandenburg.de\/wp-content\/uploads\/2013\/11\/leonieBrenske-225x300.jpeg\" alt=\"leonieBrenske\" width=\"200\" height=\"267\" srcset=\"http:\/\/www.poloclub-berlin-brandenburg.de\/wp-content\/uploads\/2013\/11\/leonieBrenske-225x300.jpeg 225w, http:\/\/www.poloclub-berlin-brandenburg.de\/wp-content\/uploads\/2013\/11\/leonieBrenske.jpeg 480w\" sizes=\"(max-width: 200px) 100vw, 200px\" \/><p id=\"caption-attachment-169\" class=\"wp-caption-text\">Leoni Brenske <br \/>aktives Mitglied , nkH<\/p><\/div><\/td>\n<td valign=\"top\">\n<p><div id=\"attachment_53\" style=\"width: 210px\" class=\"wp-caption aligncenter\"><img aria-describedby=\"caption-attachment-53\" loading=\"lazy\" class=\"size-full wp-image-53\" src=\"http:\/\/www.poloclub-berlin-brandenburg.de\/wp-content\/uploads\/2013\/11\/elisabeth_roos.jpg\" alt=\"Elisabeth Roos, nkH aktives Mitglied, DPV Mitglied \" width=\"200\" height=\"220\" \/><p id=\"caption-attachment-53\" class=\"wp-caption-text\">Elisabeth Roos,<br \/>HCP -2<br \/>aktives Mitglied, DPV Mitglied<\/p><\/div><\/td>\n<\/tr>\n<tr>\n<td valign=\"top\">\n<p><div id=\"attachment_54\" style=\"width: 210px\" class=\"wp-caption aligncenter\"><img aria-describedby=\"caption-attachment-54\" loading=\"lazy\" class=\"wp-image-54 size-full\" src=\"http:\/\/www.poloclub-berlin-brandenburg.de\/wp-content\/uploads\/2013\/11\/Pitino_Fenosa.jpg\" alt=\"Pitino Fenosa, Trainer HCP +3 Goal der beste argentinische Grillmeister! aktives Mitglied\" width=\"200\" height=\"220\" \/><p id=\"caption-attachment-54\" class=\"wp-caption-text\">Pitino Fenosa, Trainer<br \/> HCP +3 Goal<br \/> der beste argentinische Grillmeister!<br \/> Gastspieler<\/p><\/div><\/td>\n<td valign=\"top\">\n<p><div id=\"attachment_55\" style=\"width: 210px\" class=\"wp-caption aligncenter\"><img aria-describedby=\"caption-attachment-55\" loading=\"lazy\" class=\"wp-image-55 size-full\" src=\"http:\/\/www.poloclub-berlin-brandenburg.de\/wp-content\/uploads\/2013\/11\/sarah_foerster.jpg\" alt=\"Sarah F\u00f6rster HCP -1 aktives Mitglied \" width=\"200\" height=\"220\" \/><p id=\"caption-attachment-55\" class=\"wp-caption-text\">Sarah F\u00f6rster<br \/> HCP -1<br \/> Gastpielerin<\/p><\/div><\/td>\n<td valign=\"top\">\n<p><div id=\"attachment_56\" style=\"width: 210px\" class=\"wp-caption aligncenter\"><img aria-describedby=\"caption-attachment-56\" loading=\"lazy\" class=\"size-full wp-image-56\" src=\"http:\/\/www.poloclub-berlin-brandenburg.de\/wp-content\/uploads\/2013\/11\/rackham_schroeder.jpg\" alt=\"Rackham Schr\u00f6der aktives Mitglied, DPV Mitglied HCP -2\" width=\"200\" height=\"220\" \/><p id=\"caption-attachment-56\" class=\"wp-caption-text\">Rackham Schr\u00f6der<br \/>aktives Mitglied, DPV Mitglied<br \/>HCP 0<\/p><\/div><\/td>\n<\/tr>\n<tr>\n<td valign=\"top\">\n<div id=\"attachment_57\" style=\"width: 210px\" class=\"wp-caption aligncenter\"><img aria-describedby=\"caption-attachment-57\" loading=\"lazy\" class=\"   wp-image-57 size-full\" src=\"http:\/\/www.poloclub-berlin-brandenburg.de\/wp-content\/uploads\/2013\/11\/Bruno.jpg\" alt=\"\" width=\"200\" height=\"220\" \/><p id=\"caption-attachment-57\" class=\"wp-caption-text\">Bruno Schr\u00f6der <br \/>aktives Mitglied, DPV Mitglied, nkH<\/p><\/div>\n<p>&nbsp;<\/p>\n<p>&nbsp;<\/td>\n<td valign=\"top\">\n<p><div id=\"attachment_58\" style=\"width: 210px\" class=\"wp-caption aligncenter\"><img aria-describedby=\"caption-attachment-58\" loading=\"lazy\" class=\"wp-image-58 size-full\" src=\"http:\/\/www.poloclub-berlin-brandenburg.de\/wp-content\/uploads\/2013\/11\/kilian_brenske.jpg\" alt=\"Kilian Brenske Gastspieler, nkH \" width=\"200\" height=\"220\" \/><p id=\"caption-attachment-58\" class=\"wp-caption-text\">Kilian Brenske<br \/> aktives Mitglied, nkH<\/p><\/div><\/td>\n<td style=\"text-align: center; vertical-align: middle;\" valign=\"top\">Cornelia Anders<br \/>\nHCP -1<br \/>\naktives Mitglied, DPV Mitglied<\/td>\n<\/tr>\n<\/tbody>\n<\/table>\n<p>&nbsp;<\/p>\n","protected":false},"excerpt":{"rendered":"<p>UNSERE MITGLIEDER Anzahl der Mitglieder: 15 Davon aktiv: 13 Davon passiv: 2 Ehrenmitglieder: 4 EHRENMITGLIEDER Enrique J.A. Candioti, Botschafter a.D. Republik Argentinien Magdalena von Beckh, Gesandte der Republik Argentinien Guillermo Nielsen, Botschafter a.D. Republik Argentinien Peter Hofmeister &nbsp; GASTSPIELER Pitino &hellip; <a href=\"http:\/\/www.poloclub-berlin-brandenburg.de\/?page_id=35\">Weiterlesen <span class=\"meta-nav\">&rarr;<\/span><\/a><\/p>\n","protected":false},"author":2,"featured_media":0,"parent":0,"menu_order":0,"comment_status":"closed","ping_status":"closed","template":"","meta":{"spay_email":""},"jetpack_sharing_enabled":true,"jetpack_shortlink":"https:\/\/wp.me\/P47bxt-z","_links":{"self":[{"href":"http:\/\/www.poloclub-berlin-brandenburg.de\/index.php?rest_route=\/wp\/v2\/pages\/35"}],"collection":[{"href":"http:\/\/www.poloclub-berlin-brandenburg.de\/index.php?rest_route=\/wp\/v2\/pages"}],"about":[{"href":"http:\/\/www.poloclub-berlin-brandenburg.de\/index.php?rest_route=\/wp\/v2\/types\/page"}],"author":[{"embeddable":true,"href":"http:\/\/www.poloclub-berlin-brandenburg.de\/index.php?rest_route=\/wp\/v2\/users\/2"}],"replies":[{"embeddable":true,"href":"http:\/\/www.poloclub-berlin-brandenburg.de\/index.php?rest_route=%2Fwp%2Fv2%2Fcomments&post=35"}],"version-history":[{"count":19,"href":"http:\/\/www.poloclub-berlin-brandenburg.de\/index.php?rest_route=\/wp\/v2\/pages\/35\/revisions"}],"predecessor-version":[{"id":209,"href":"http:\/\/www.poloclub-berlin-brandenburg.de\/index.php?rest_route=\/wp\/v2\/pages\/35\/revisions\/209"}],"wp:attachment":[{"href":"http:\/\/www.poloclub-berlin-brandenburg.de\/index.php?rest_route=%2Fwp%2Fv2%2Fmedia&parent=35"}],"curies":[{"name":"wp","href":"https:\/\/api.w.org\/{rel}","templated":true}]}}