{"id":147,"date":"2013-11-21T15:19:14","date_gmt":"2013-11-21T15:19:14","guid":{"rendered":"http:\/\/www.poloclub-berlin-brandenburg.de\/?page_id=147"},"modified":"2018-10-04T11:35:51","modified_gmt":"2018-10-04T11:35:51","slug":"147-2","status":"publish","type":"page","link":"http:\/\/www.poloclub-berlin-brandenburg.de\/?page_id=147","title":{"rendered":"KONTAKT UND ANFAHRT"},"content":{"rendered":"<table style=\"width: 835px;\" border=\"0\">\n<tbody>\n<tr>\n<td><strong>Pers\u00f6nlicher Ansprechpartner f\u00fcr die Reitanlage:<\/strong><br \/>\nSven Troschke<br \/>\nPolo- und Reitanlage<br \/>\nVerwaltungs GmbH<br \/>\nUhlandstrasse 181-183<br \/>\n10623 Berlin<br \/>\nVerwaltungsb\u00fcro: 030 \/ 278 79 50<br \/>\nReitanlage: 03327 \/ 573 24 40<br \/>\nWebseite: <a href=\"http:\/\/www.poloundreitanlage.de\" target=\"_blank\" rel=\"noopener\">www.poloundreitanlage.de<\/a><\/p>\n<p><a href=\"mailto:info@poloundreitanlage.de\" target=\"_blank\" rel=\"noopener\">Sende eine E-Mail<\/a><\/td>\n<td><img loading=\"lazy\" class=\"aligncenter size-full wp-image-144\" src=\"http:\/\/www.poloclub-berlin-brandenburg.de\/wp-content\/uploads\/2013\/11\/Logo_Reitanlage.png\" alt=\"Logo_Reitanlage\" width=\"80\" height=\"80\" \/><\/td>\n<td rowspan=\"3\"><img loading=\"lazy\" class=\"aligncenter size-full wp-image-151\" src=\"http:\/\/www.poloclub-berlin-brandenburg.de\/wp-content\/uploads\/2013\/11\/Anfahrt.jpg\" alt=\"Anfahrt\" width=\"350\" height=\"481\" srcset=\"http:\/\/www.poloclub-berlin-brandenburg.de\/wp-content\/uploads\/2013\/11\/Anfahrt.jpg 350w, http:\/\/www.poloclub-berlin-brandenburg.de\/wp-content\/uploads\/2013\/11\/Anfahrt-218x300.jpg 218w\" sizes=\"(max-width: 350px) 100vw, 350px\" \/><\/td>\n<\/tr>\n<tr>\n<td><strong>Kontakt und Info Polosport<\/strong><br \/>\nPreussischer Polo &amp; Country Club<br \/>\nBerlin &#8211; Brandenburg e.V.<br \/>\n(PPCCBB e. V.)<br \/>\nSylvia G\u00e4deke<br \/>\n<strong>Spielbetrieb:<\/strong><br \/>\nPh\u00f6bener Chausseestr. 30<br \/>\n14542 Werder\/OT Ph\u00f6ben<br \/>\nB\u00fcro: 030 \/ 895 02 888<br \/>\nMobil: 0172 \/ 38 10 206<\/p>\n<p><a href=\"mailto:ppccbb@freenet.de\" target=\"_blank\" rel=\"noopener\">Sende eine E-Mail<\/a><\/td>\n<td>\u00a0<img loading=\"lazy\" class=\"aligncenter size-full wp-image-146\" src=\"http:\/\/www.poloclub-berlin-brandenburg.de\/wp-content\/uploads\/2013\/11\/ppccbb80x80.png\" alt=\"ppccbb80x80\" width=\"80\" height=\"80\" \/><\/td>\n<\/tr>\n<tr>\n<td><\/td>\n<td><\/td>\n<\/tr>\n<\/tbody>\n<\/table>\n","protected":false},"excerpt":{"rendered":"<p>Pers\u00f6nlicher Ansprechpartner f\u00fcr die Reitanlage: Sven Troschke Polo- und Reitanlage Verwaltungs GmbH Uhlandstrasse 181-183 10623 Berlin Verwaltungsb\u00fcro: 030 \/ 278 79 50 Reitanlage: 03327 \/ 573 24 40 Webseite: www.poloundreitanlage.de Sende eine E-Mail Kontakt und Info Polosport Preussischer Polo &amp; &hellip; <a href=\"http:\/\/www.poloclub-berlin-brandenburg.de\/?page_id=147\">Weiterlesen <span class=\"meta-nav\">&rarr;<\/span><\/a><\/p>\n","protected":false},"author":2,"featured_media":0,"parent":0,"menu_order":0,"comment_status":"closed","ping_status":"open","template":"","meta":{"spay_email":""},"jetpack_sharing_enabled":true,"jetpack_shortlink":"https:\/\/wp.me\/P47bxt-2n","_links":{"self":[{"href":"http:\/\/www.poloclub-berlin-brandenburg.de\/index.php?rest_route=\/wp\/v2\/pages\/147"}],"collection":[{"href":"http:\/\/www.poloclub-berlin-brandenburg.de\/index.php?rest_route=\/wp\/v2\/pages"}],"about":[{"href":"http:\/\/www.poloclub-berlin-brandenburg.de\/index.php?rest_route=\/wp\/v2\/types\/page"}],"author":[{"embeddable":true,"href":"http:\/\/www.poloclub-berlin-brandenburg.de\/index.php?rest_route=\/wp\/v2\/users\/2"}],"replies":[{"embeddable":true,"href":"http:\/\/www.poloclub-berlin-brandenburg.de\/index.php?rest_route=%2Fwp%2Fv2%2Fcomments&post=147"}],"version-history":[{"count":15,"href":"http:\/\/www.poloclub-berlin-brandenburg.de\/index.php?rest_route=\/wp\/v2\/pages\/147\/revisions"}],"predecessor-version":[{"id":296,"href":"http:\/\/www.poloclub-berlin-brandenburg.de\/index.php?rest_route=\/wp\/v2\/pages\/147\/revisions\/296"}],"wp:attachment":[{"href":"http:\/\/www.poloclub-berlin-brandenburg.de\/index.php?rest_route=%2Fwp%2Fv2%2Fmedia&parent=147"}],"curies":[{"name":"wp","href":"https:\/\/api.w.org\/{rel}","templated":true}]}}